{"id":7,"date":"2024-06-14T14:26:53","date_gmt":"2024-06-14T14:26:53","guid":{"rendered":"https:\/\/demosites.royal-elementor-addons.com\/financial-services-v1\/?page_id=7"},"modified":"2024-12-09T15:01:08","modified_gmt":"2024-12-09T15:01:08","slug":"ana-sayfa","status":"publish","type":"page","link":"https:\/\/mnsymm.com.tr\/","title":{"rendered":"Ana Sayfa"},"content":{"rendered":"\t\t<div data-elementor-type=\"wp-page\" data-elementor-id=\"7\" class=\"elementor elementor-7\">\n\t\t\t\t<div class=\"elementor-element elementor-element-6797409 e-con-full e-flex wpr-particle-no wpr-jarallax-no wpr-parallax-no wpr-sticky-section-no e-con e-parent\" data-id=\"6797409\" data-element_type=\"container\">\n\t\t\t\t<div class=\"elementor-element elementor-element-3853d30 e-transform e-transform wpr-adv-slider-columns-1 wpr-adv-slider-columns--laptop1 wpr-adv-slider-columns--tablet1 wpr-adv-slider-columns--mobile1 wpr-adv-slides-to-scroll-1 wpr-slider-dots-horizontal elementor-widget elementor-widget-wpr-advanced-slider\" data-id=\"3853d30\" data-element_type=\"widget\" data-settings=\"{&quot;slider_amount&quot;:1,&quot;slider_amount_laptop&quot;:1,&quot;slider_amount_tablet&quot;:1,&quot;slider_amount_mobile&quot;:1,&quot;slides_to_scroll&quot;:1,&quot;slider_loop&quot;:&quot;yes&quot;,&quot;slider_video_btn_size&quot;:&quot;medium&quot;,&quot;_transform_scale_effect&quot;:{&quot;unit&quot;:&quot;px&quot;,&quot;size&quot;:&quot;&quot;,&quot;sizes&quot;:[]},&quot;_transform_scale_effect_laptop&quot;:{&quot;unit&quot;:&quot;px&quot;,&quot;size&quot;:&quot;&quot;,&quot;sizes&quot;:[]},&quot;_transform_scale_effect_tablet&quot;:{&quot;unit&quot;:&quot;px&quot;,&quot;size&quot;:&quot;&quot;,&quot;sizes&quot;:[]},&quot;_transform_scale_effect_mobile&quot;:{&quot;unit&quot;:&quot;px&quot;,&quot;size&quot;:&quot;&quot;,&quot;sizes&quot;:[]},&quot;_transform_skewX_effect&quot;:{&quot;unit&quot;:&quot;px&quot;,&quot;size&quot;:&quot;&quot;,&quot;sizes&quot;:[]},&quot;_transform_skewX_effect_laptop&quot;:{&quot;unit&quot;:&quot;deg&quot;,&quot;size&quot;:&quot;&quot;,&quot;sizes&quot;:[]},&quot;_transform_skewX_effect_tablet&quot;:{&quot;unit&quot;:&quot;deg&quot;,&quot;size&quot;:&quot;&quot;,&quot;sizes&quot;:[]},&quot;_transform_skewX_effect_mobile&quot;:{&quot;unit&quot;:&quot;deg&quot;,&quot;size&quot;:&quot;&quot;,&quot;sizes&quot;:[]},&quot;_transform_skewY_effect&quot;:{&quot;unit&quot;:&quot;px&quot;,&quot;size&quot;:&quot;&quot;,&quot;sizes&quot;:[]},&quot;_transform_skewY_effect_laptop&quot;:{&quot;unit&quot;:&quot;deg&quot;,&quot;size&quot;:&quot;&quot;,&quot;sizes&quot;:[]},&quot;_transform_skewY_effect_tablet&quot;:{&quot;unit&quot;:&quot;deg&quot;,&quot;size&quot;:&quot;&quot;,&quot;sizes&quot;:[]},&quot;_transform_skewY_effect_mobile&quot;:{&quot;unit&quot;:&quot;deg&quot;,&quot;size&quot;:&quot;&quot;,&quot;sizes&quot;:[]}}\" data-widget_type=\"wpr-advanced-slider.default\">\n\t\t\t\t<div class=\"elementor-widget-container\">\n\t\t\t\n\t\t<!-- Advanced Slider -->\n\t\t<div class=\"wpr-advanced-slider-wrap\">\n\t\t\t\n\t\t\t<div class=\"wpr-advanced-slider\" dir=\"ltr\" data-slick=\"{&quot;rtl&quot;:false,&quot;infinite&quot;:true,&quot;speed&quot;:700,&quot;arrows&quot;:true,&quot;dots&quot;:true,&quot;autoplay&quot;:false,&quot;autoplaySpeed&quot;:0,&quot;pauseOnHover&quot;:&quot;&quot;,&quot;prevArrow&quot;:&quot;#wpr-slider-prev-3853d30&quot;,&quot;nextArrow&quot;:&quot;#wpr-slider-next-3853d30&quot;,&quot;vertical&quot;:false,&quot;adaptiveHeight&quot;:true}\" data-video-btn-size=\"{&quot;widescreen&quot;:&quot;medium&quot;,&quot;desktop&quot;:&quot;medium&quot;,&quot;laptop&quot;:&quot;medium&quot;,&quot;tablet_extra&quot;:&quot;medium&quot;,&quot;tablet&quot;:&quot;medium&quot;,&quot;mobile_extra&quot;:&quot;medium&quot;,&quot;mobile&quot;:&quot;medium&quot;}\" data-slide-effect=\"fade\">\n\t\t\t\t<div class=\"wpr-slider-item elementor-repeater-item-038d136\"><div class=\"wpr-slider-item-bg \" style=\"background-image: url(https:\/\/mnsymm.com.tr\/wp-content\/uploads\/2024\/12\/ilk.png)\"><\/div><div class=\"wpr-cv-container wpr-slider-animation\"><div class=\"wpr-cv-outer wpr-anim-transparency wpr-anim-size-large wpr-overlay-fade-in\"><div class=\"wpr-cv-inner\"><div class=\"wpr-slider-content\"><div class=\"wpr-slider-title\"><h1>Tasdik ve Raporlama Hizmetleri<\/h1><\/div><div class=\"wpr-slider-description\"><p>Tasdik, denetim ilke ve standartlar\u0131na g\u00f6re uygunluk y\u00f6n\u00fcnden yap\u0131lan inceleme <br> sonu\u00e7lar\u0131na dayan\u0131larak tasdik kapsam\u0131na giren konular\u0131n ve belgelerin ger\u00e7e\u011fi<br>  yans\u0131t\u0131p yans\u0131tmad\u0131\u011f\u0131n\u0131n rapora ba\u011flama konular\u0131nda destek veriyoruz.<\/p><\/div><div class=\"wpr-slider-btns\"><a class=\"wpr-slider-primary-btn\" href=\"https:\/\/mnsymm.com.tr\/?page_id=1306\">Detayl\u0131 bilgi<\/a><a class=\"wpr-slider-secondary-btn\" href=\"https:\/\/mnsymm.com.tr\/?page_id=13\">\u0130leti\u015fime ge\u00e7in<\/a><\/div><\/div><\/div><\/div><\/div><\/div><div class=\"wpr-slider-item elementor-repeater-item-d2dd948\"><div class=\"wpr-slider-item-bg \" style=\"background-image: url(https:\/\/mnsymm.com.tr\/wp-content\/uploads\/2024\/12\/orta.png)\"><\/div><div class=\"wpr-cv-container wpr-slider-animation\"><div class=\"wpr-cv-outer wpr-anim-transparency wpr-anim-size-large wpr-overlay-fade-in\"><div class=\"wpr-cv-inner\"><div class=\"wpr-slider-content\"><div class=\"wpr-slider-title\"><h1>Denetim hizmetleri<\/h1><\/div><div class=\"wpr-slider-description\"><p>Firmam\u0131zca, yolsuzluk ve suistimal denetimlerinde, hile, yolsuzluk ve<br> suistimali tespit edilmesi ve bu sorunlar\u0131n ortaya \u00e7\u0131kmas\u0131n\u0131 engelleyecek <br>mekanizmalar\u0131n \u00fcretilmesi ve bunlar\u0131 hayata ge\u00e7irilmesi konular\u0131na<br> y\u00f6nelik denetim ve raporlama hizmeti sunmaktay\u0131z<\/p><\/div><div class=\"wpr-slider-btns\"><a class=\"wpr-slider-primary-btn\" href=\"https:\/\/mnsymm.com.tr\/?page_id=1350\">Detayl\u0131 bilgi<\/a><a class=\"wpr-slider-secondary-btn\" href=\"https:\/\/mnsymm.com.tr\/?page_id=13\">\u0130leti\u015fime ge\u00e7in<\/a><\/div><\/div><\/div><\/div><\/div><\/div><div class=\"wpr-slider-item elementor-repeater-item-1611ec1\"><div class=\"wpr-slider-item-bg \" style=\"background-image: url(https:\/\/mnsymm.com.tr\/wp-content\/uploads\/2024\/12\/Son.png)\"><\/div><div class=\"wpr-cv-container wpr-slider-animation\"><div class=\"wpr-cv-outer wpr-anim-transparency wpr-anim-size-large wpr-overlay-fade-in\"><div class=\"wpr-cv-inner\"><div class=\"wpr-slider-content\"><div class=\"wpr-slider-title\"><h1>Dan\u0131\u015fmanl\u0131k Hizmetleri<\/h1><\/div><div class=\"wpr-slider-description\"><p>Firmam\u0131z vergi dan\u0131\u015fmanl\u0131\u011f\u0131, muhasebe ve T\u00fcrk Ticaret Kanunu alanlar\u0131nda <br>dan\u0131\u015fmanl\u0131k hizmetleri vermekteyiz<\/p><\/div><div class=\"wpr-slider-btns\"><a class=\"wpr-slider-primary-btn\" href=\"https:\/\/mnsymm.com.tr\/?page_id=1357\">Detayl\u0131 bilgi<\/a><a class=\"wpr-slider-secondary-btn\" href=\"https:\/\/mnsymm.com.tr\/?page_id=13\">\u0130leti\u015fime ge\u00e7in<\/a><\/div><\/div><\/div><\/div><\/div><\/div>\t\t\t<\/div>\n\t\t\t<div class=\"wpr-slider-controls\">\n\t\t\t\t<div class=\"wpr-slider-dots\"><\/div>\n\t\t\t<\/div>\n\n\t\t\t<div class=\"wpr-slider-arrow-container\">\n\t\t\t\t<div class=\"wpr-slider-prev-arrow wpr-slider-arrow\" id=\"wpr-slider-prev-3853d30\">\n\t\t\t\t\t<svg version=\"1.1\" xmlns=\"http:\/\/www.w3.org\/2000\/svg\" xmlns:xlink=\"http:\/\/www.w3.org\/1999\/xlink\" x=\"0px\" y=\"0px\" viewBox=\"0 0 283.4 512\" style=\"enable-background:new 0 0 283.4 512;\" xml:space=\"preserve\"><g><polygon class=\"st0\" points=\"54.5,256.3 283.4,485.1 256.1,512.5 0,256.3 0,256.3 27.2,229 256.1,0 283.4,27.4 \"\/><\/g><\/svg>\t\t\t\t<\/div>\n\t\t\t\t<div class=\"wpr-slider-next-arrow wpr-slider-arrow\" id=\"wpr-slider-next-3853d30\">\n\t\t\t\t\t<svg version=\"1.1\" xmlns=\"http:\/\/www.w3.org\/2000\/svg\" xmlns:xlink=\"http:\/\/www.w3.org\/1999\/xlink\" x=\"0px\" y=\"0px\" viewBox=\"0 0 283.4 512\" style=\"enable-background:new 0 0 283.4 512;\" xml:space=\"preserve\"><g><polygon class=\"st0\" points=\"54.5,256.3 283.4,485.1 256.1,512.5 0,256.3 0,256.3 27.2,229 256.1,0 283.4,27.4 \"\/><\/g><\/svg>\t\t\t\t<\/div>\n\t\t\t<\/div>\n\t\t\t\n\t\t\t\n\t\t<\/div>\n\t\t\t\t<\/div>\n\t\t\t\t<\/div>\n\t\t\t\t<\/div>\n\t\t<div class=\"elementor-element elementor-element-2edab0d e-flex e-con-boxed wpr-particle-no wpr-jarallax-no wpr-parallax-no wpr-sticky-section-no e-con e-parent\" data-id=\"2edab0d\" data-element_type=\"container\">\n\t\t\t\t\t<div class=\"e-con-inner\">\n\t\t<div class=\"elementor-element elementor-element-2c4c812 e-flex e-con-boxed wpr-particle-no wpr-jarallax-no wpr-parallax-no wpr-sticky-section-no elementor-invisible e-con e-child\" data-id=\"2c4c812\" data-element_type=\"container\" data-settings=\"{&quot;animation&quot;:&quot;slideInLeft&quot;}\">\n\t\t\t\t\t<div class=\"e-con-inner\">\n\t\t\t\t<div class=\"elementor-element elementor-element-7d6a2c7 elementor-widget elementor-widget-heading\" data-id=\"7d6a2c7\" data-element_type=\"widget\" data-widget_type=\"heading.default\">\n\t\t\t\t<div class=\"elementor-widget-container\">\n\t\t\t<h2 class=\"elementor-heading-title elementor-size-default\">Hakk\u0131m\u0131zda<\/h2>\t\t<\/div>\n\t\t\t\t<\/div>\n\t\t\t\t<div class=\"elementor-element elementor-element-21bb5ae elementor-widget elementor-widget-text-editor\" data-id=\"21bb5ae\" data-element_type=\"widget\" data-widget_type=\"text-editor.default\">\n\t\t\t\t<div class=\"elementor-widget-container\">\n\t\t\t\t\t\t\t<p>D\u00fcr\u00fcstl\u00fck ve g\u00fcveni temel de\u011ferleri olarak benimseyen firmam\u0131z\u0131n hedefi; kurumsalla\u015fma s\u00fcrecinde, ulusal ve uluslararas\u0131 meslek etiklerine ba\u011fl\u0131 kalarak, s\u00fcrekli geli\u015fim ve ya\u015fam boyu \u00f6\u011frenmeye duydu\u011fu inan\u00e7la m\u00fc\u015fterilerimize en uygun profesyonel \u00e7\u00f6z\u00fcmleri zaman\u0131nda sunmak ve i\u015f s\u00fcre\u00e7lerine de\u011fer katmakt\u0131r.<\/p>\t\t\t\t\t\t<\/div>\n\t\t\t\t<\/div>\n\t\t\t\t\t<\/div>\n\t\t\t\t<\/div>\n\t\t<div class=\"elementor-element elementor-element-d0e23d4 e-flex e-con-boxed wpr-particle-no wpr-jarallax-no wpr-parallax-no wpr-sticky-section-no e-con e-child\" data-id=\"d0e23d4\" data-element_type=\"container\">\n\t\t\t\t\t<div class=\"e-con-inner\">\n\t\t\t\t<div class=\"elementor-element elementor-element-c7c05f5 wpr-promo-box-style-cover elementor-invisible elementor-widget elementor-widget-wpr-promo-box\" data-id=\"c7c05f5\" data-element_type=\"widget\" data-settings=\"{&quot;_animation&quot;:&quot;slideInRight&quot;}\" data-widget_type=\"wpr-promo-box.default\">\n\t\t\t\t<div class=\"elementor-widget-container\">\n\t\t\t\n\t\t<div class=\"wpr-promo-box wpr-animation-wrap\">\n\n\t\t\t\t\t\t\t\n\t\t\t\t\t\t\t<div class=\"wpr-promo-box-image\">\n\t\t\t\t\t<div class=\"wpr-promo-box-bg-image wpr-bg-anim-zoom-in wpr-anim-timing-ease-default\" style=\"background-image:url(https:\/\/mnsymm.com.tr\/wp-content\/uploads\/2024\/06\/Roadmap-5.jpg);\"><\/div>\n\t\t\t\t\t<div class=\"wpr-promo-box-bg-overlay wpr-border-anim-none\"><\/div>\n\t\t\t\t<\/div>\n\t\t\t\t\t\t\n\t\t\t<div class=\"wpr-promo-box-content\">\n\n\t\t\t\t\t\t\t\t<div class=\"wpr-promo-box-icon\">\n\t\t\t\t\t\t\t\t\t<\/div>\n\t\t\t\t\n\t\t\t\t<h3 class=\"wpr-promo-box-title\"><span>G\u00fcvenilir Finansal Orta\u011f\u0131n\u0131z<\/span><\/h3>\n\t\t\t\t\n\t\t\t\t\t\t\t<\/div>\n\n\t\t\t\t\t<\/div>\n\n\t\t\t\t<\/div>\n\t\t\t\t<\/div>\n\t\t\t\t<div class=\"elementor-element elementor-element-f582b5e wpr-promo-box-style-cover elementor-invisible elementor-widget elementor-widget-wpr-promo-box\" data-id=\"f582b5e\" data-element_type=\"widget\" data-settings=\"{&quot;_animation&quot;:&quot;slideInRight&quot;,&quot;_animation_delay&quot;:100}\" data-widget_type=\"wpr-promo-box.default\">\n\t\t\t\t<div class=\"elementor-widget-container\">\n\t\t\t\n\t\t<div class=\"wpr-promo-box wpr-animation-wrap\">\n\n\t\t\t\t\t\t\t\n\t\t\t\t\t\t\t<div class=\"wpr-promo-box-image\">\n\t\t\t\t\t<div class=\"wpr-promo-box-bg-image wpr-bg-anim-zoom-in wpr-anim-timing-ease-default\" style=\"background-image:url(https:\/\/mnsymm.com.tr\/wp-content\/uploads\/2024\/06\/Roadmap-3.jpg);\"><\/div>\n\t\t\t\t\t<div class=\"wpr-promo-box-bg-overlay wpr-border-anim-none\"><\/div>\n\t\t\t\t<\/div>\n\t\t\t\t\t\t\n\t\t\t<div class=\"wpr-promo-box-content\">\n\n\t\t\t\t\t\t\t\t<div class=\"wpr-promo-box-icon\">\n\t\t\t\t\t\t\t\t\t<\/div>\n\t\t\t\t\n\t\t\t\t<h3 class=\"wpr-promo-box-title\"><span>\u00d6zel Finansal Stratejiler<\/span><\/h3>\n\t\t\t\t\n\t\t\t\t\t\t\t<\/div>\n\n\t\t\t\t\t<\/div>\n\n\t\t\t\t<\/div>\n\t\t\t\t<\/div>\n\t\t\t\t\t<\/div>\n\t\t\t\t<\/div>\n\t\t\t\t\t<\/div>\n\t\t\t\t<\/div>\n\t\t<div class=\"elementor-element elementor-element-f8602eb e-flex e-con-boxed wpr-particle-no wpr-jarallax-no wpr-parallax-no wpr-sticky-section-no e-con e-parent\" data-id=\"f8602eb\" data-element_type=\"container\" data-settings=\"{&quot;background_background&quot;:&quot;classic&quot;}\">\n\t\t\t\t\t<div class=\"e-con-inner\">\n\t\t<div class=\"elementor-element elementor-element-81b6a39 e-flex e-con-boxed wpr-particle-no wpr-jarallax-no wpr-parallax-no wpr-sticky-section-no e-con e-child\" data-id=\"81b6a39\" data-element_type=\"container\">\n\t\t\t\t\t<div class=\"e-con-inner\">\n\t\t\t\t<div class=\"elementor-element elementor-element-ae718e6 elementor-widget elementor-widget-heading\" data-id=\"ae718e6\" data-element_type=\"widget\" data-widget_type=\"heading.default\">\n\t\t\t\t<div class=\"elementor-widget-container\">\n\t\t\t<h2 class=\"elementor-heading-title elementor-size-default\">Hizmetlerimiz<\/h2>\t\t<\/div>\n\t\t\t\t<\/div>\n\t\t\t\t<div class=\"elementor-element elementor-element-ea41ee1 elementor-widget elementor-widget-text-editor\" data-id=\"ea41ee1\" data-element_type=\"widget\" data-widget_type=\"text-editor.default\">\n\t\t\t\t<div class=\"elementor-widget-container\">\n\t\t\t\t\t\t\t<p>M\u00fc\u015fterilerimiz i\u00e7in a\u015fa\u011f\u0131daki ana ba\u015fl\u0131klarda hizmet vermekteyiz<\/p>\t\t\t\t\t\t<\/div>\n\t\t\t\t<\/div>\n\t\t<div class=\"elementor-element elementor-element-d26c0c8 e-grid e-con-boxed wpr-particle-no wpr-jarallax-no wpr-parallax-no wpr-sticky-section-no e-con e-child\" data-id=\"d26c0c8\" data-element_type=\"container\">\n\t\t\t\t\t<div class=\"e-con-inner\">\n\t\t\t\t<div class=\"elementor-element elementor-element-09afbe8 elementor-position-top elementor-invisible elementor-widget elementor-widget-image-box\" data-id=\"09afbe8\" data-element_type=\"widget\" data-settings=\"{&quot;_animation&quot;:&quot;zoomIn&quot;}\" data-widget_type=\"image-box.default\">\n\t\t\t\t<div class=\"elementor-widget-container\">\n\t\t\t<div class=\"elementor-image-box-wrapper\"><figure class=\"elementor-image-box-img\"><img fetchpriority=\"high\" decoding=\"async\" width=\"430\" height=\"430\" src=\"https:\/\/mnsymm.com.tr\/wp-content\/uploads\/2024\/06\/Services-1.png\" class=\"attachment-full size-full wp-image-858\" alt=\"\" srcset=\"https:\/\/mnsymm.com.tr\/wp-content\/uploads\/2024\/06\/Services-1.png 430w, https:\/\/mnsymm.com.tr\/wp-content\/uploads\/2024\/06\/Services-1-300x300.png 300w, https:\/\/mnsymm.com.tr\/wp-content\/uploads\/2024\/06\/Services-1-150x150.png 150w\" sizes=\"(max-width: 430px) 100vw, 430px\" \/><\/figure><div class=\"elementor-image-box-content\"><h3 class=\"elementor-image-box-title\">Tasdik ve Raporlama Hizmetleri<\/h3><p class=\"elementor-image-box-description\">Tasdik, denetim ilke ve standartlar\u0131na g\u00f6re uygunluk y\u00f6n\u00fcnden yap\u0131lan inceleme sonu\u00e7lar\u0131na dayan\u0131larak tasdik kapsam\u0131na giren konular\u0131n\u2026<\/p><\/div><\/div>\t\t<\/div>\n\t\t\t\t<\/div>\n\t\t\t\t<div class=\"elementor-element elementor-element-ddc9c5d elementor-position-top elementor-invisible elementor-widget elementor-widget-image-box\" data-id=\"ddc9c5d\" data-element_type=\"widget\" data-settings=\"{&quot;_animation&quot;:&quot;zoomIn&quot;,&quot;_animation_delay&quot;:400}\" data-widget_type=\"image-box.default\">\n\t\t\t\t<div class=\"elementor-widget-container\">\n\t\t\t<div class=\"elementor-image-box-wrapper\"><figure class=\"elementor-image-box-img\"><img decoding=\"async\" width=\"431\" height=\"431\" src=\"https:\/\/mnsymm.com.tr\/wp-content\/uploads\/2024\/06\/Services-4.png\" class=\"attachment-full size-full wp-image-861\" alt=\"\" srcset=\"https:\/\/mnsymm.com.tr\/wp-content\/uploads\/2024\/06\/Services-4.png 431w, https:\/\/mnsymm.com.tr\/wp-content\/uploads\/2024\/06\/Services-4-300x300.png 300w, https:\/\/mnsymm.com.tr\/wp-content\/uploads\/2024\/06\/Services-4-150x150.png 150w\" sizes=\"(max-width: 431px) 100vw, 431px\" \/><\/figure><div class=\"elementor-image-box-content\"><h3 class=\"elementor-image-box-title\">Denetim Hizmetleri<\/h3><p class=\"elementor-image-box-description\">\nFirmam\u0131zca, yolsuzluk ve suistimal denetimlerinde, hile, yolsuzluk ve suistimali tespit edilmesi ve bu sorunlar\u0131n ortaya\u2026<\/p><\/div><\/div>\t\t<\/div>\n\t\t\t\t<\/div>\n\t\t\t\t<div class=\"elementor-element elementor-element-af8a5d1 elementor-position-top elementor-invisible elementor-widget elementor-widget-image-box\" data-id=\"af8a5d1\" data-element_type=\"widget\" data-settings=\"{&quot;_animation&quot;:&quot;zoomIn&quot;,&quot;_animation_delay&quot;:100}\" data-widget_type=\"image-box.default\">\n\t\t\t\t<div class=\"elementor-widget-container\">\n\t\t\t<div class=\"elementor-image-box-wrapper\"><figure class=\"elementor-image-box-img\"><img decoding=\"async\" width=\"430\" height=\"430\" src=\"https:\/\/mnsymm.com.tr\/wp-content\/uploads\/2024\/06\/Services-2.png\" class=\"attachment-full size-full wp-image-859\" alt=\"\" srcset=\"https:\/\/mnsymm.com.tr\/wp-content\/uploads\/2024\/06\/Services-2.png 430w, https:\/\/mnsymm.com.tr\/wp-content\/uploads\/2024\/06\/Services-2-300x300.png 300w, https:\/\/mnsymm.com.tr\/wp-content\/uploads\/2024\/06\/Services-2-150x150.png 150w\" sizes=\"(max-width: 430px) 100vw, 430px\" \/><\/figure><div class=\"elementor-image-box-content\"><h3 class=\"elementor-image-box-title\">Dan\u0131\u015fmanl\u0131k Hizmetleri<\/h3><p class=\"elementor-image-box-description\">\nPiyasa ko\u015fullar\u0131nda ve ekonomik konjonkt\u00fcrde ortaya \u00e7\u0131kan de\u011fi\u015fimlere uyum sa\u011flamak i\u00e7in birle\u015fmeler, sat\u0131n almalar, b\u00f6l\u00fcnmeler, tedarik\u2026<\/p><\/div><\/div>\t\t<\/div>\n\t\t\t\t<\/div>\n\t\t\t\t<div class=\"elementor-element elementor-element-413b1a9 wpr-button-icon-style-inline wpr-button-icon-position-right elementor-widget elementor-widget-wpr-button\" data-id=\"413b1a9\" data-element_type=\"widget\" data-widget_type=\"wpr-button.default\">\n\t\t\t\t<div class=\"elementor-widget-container\">\n\t\t\t\t\n\t\t\t\n\t\t\n\t\t<div class=\"wpr-button-wrap elementor-clearfix\">\n\t\t<a class=\"wpr-button wpr-button-effect wpr-button-none\" data-text=\"Go\" href=\"https:\/\/mnsymm.com.tr\/?page_id=1306\">\n\t\t\t\n\t\t\t<span class=\"wpr-button-content\">\n\t\t\t\t\t\t\t\t\t<span class=\"wpr-button-text\">Daha Fazla<\/span>\n\t\t\t\t\t\t\t\t\n\t\t\t\t\t\t\t\t\t<span class=\"wpr-button-icon\"><svg class=\"e-font-icon-svg e-fas-angle-right\" viewBox=\"0 0 256 512\" xmlns=\"http:\/\/www.w3.org\/2000\/svg\"><path d=\"M224.3 273l-136 136c-9.4 9.4-24.6 9.4-33.9 0l-22.6-22.6c-9.4-9.4-9.4-24.6 0-33.9l96.4-96.4-96.4-96.4c-9.4-9.4-9.4-24.6 0-33.9L54.3 103c9.4-9.4 24.6-9.4 33.9 0l136 136c9.5 9.4 9.5 24.6.1 34z\"><\/path><\/svg><\/span>\n\t\t\t\t\t\t\t<\/span>\n\t\t<\/a>\n\n\t\t\t\t<\/div>\n\t\n\t\n\t\t\t<\/div>\n\t\t\t\t<\/div>\n\t\t\t\t<div class=\"elementor-element elementor-element-556bd3e wpr-button-icon-style-inline wpr-button-icon-position-right elementor-widget elementor-widget-wpr-button\" data-id=\"556bd3e\" data-element_type=\"widget\" data-widget_type=\"wpr-button.default\">\n\t\t\t\t<div class=\"elementor-widget-container\">\n\t\t\t\t\n\t\t\t\n\t\t\n\t\t<div class=\"wpr-button-wrap elementor-clearfix\">\n\t\t<a class=\"wpr-button wpr-button-effect wpr-button-none\" data-text=\"Go\" href=\"https:\/\/mnsymm.com.tr\/?page_id=1350\">\n\t\t\t\n\t\t\t<span class=\"wpr-button-content\">\n\t\t\t\t\t\t\t\t\t<span class=\"wpr-button-text\">Daha Fazla<\/span>\n\t\t\t\t\t\t\t\t\n\t\t\t\t\t\t\t\t\t<span class=\"wpr-button-icon\"><svg class=\"e-font-icon-svg e-fas-angle-right\" viewBox=\"0 0 256 512\" xmlns=\"http:\/\/www.w3.org\/2000\/svg\"><path d=\"M224.3 273l-136 136c-9.4 9.4-24.6 9.4-33.9 0l-22.6-22.6c-9.4-9.4-9.4-24.6 0-33.9l96.4-96.4-96.4-96.4c-9.4-9.4-9.4-24.6 0-33.9L54.3 103c9.4-9.4 24.6-9.4 33.9 0l136 136c9.5 9.4 9.5 24.6.1 34z\"><\/path><\/svg><\/span>\n\t\t\t\t\t\t\t<\/span>\n\t\t<\/a>\n\n\t\t\t\t<\/div>\n\t\n\t\n\t\t\t<\/div>\n\t\t\t\t<\/div>\n\t\t\t\t<div class=\"elementor-element elementor-element-cc2f3ec wpr-button-icon-style-inline wpr-button-icon-position-right elementor-widget elementor-widget-wpr-button\" data-id=\"cc2f3ec\" data-element_type=\"widget\" data-widget_type=\"wpr-button.default\">\n\t\t\t\t<div class=\"elementor-widget-container\">\n\t\t\t\t\n\t\t\t\n\t\t\n\t\t<div class=\"wpr-button-wrap elementor-clearfix\">\n\t\t<a class=\"wpr-button wpr-button-effect wpr-button-none\" data-text=\"Go\" href=\"https:\/\/mnsymm.com.tr\/?page_id=1357\">\n\t\t\t\n\t\t\t<span class=\"wpr-button-content\">\n\t\t\t\t\t\t\t\t\t<span class=\"wpr-button-text\">Daha Fazla<\/span>\n\t\t\t\t\t\t\t\t\n\t\t\t\t\t\t\t\t\t<span class=\"wpr-button-icon\"><svg class=\"e-font-icon-svg e-fas-angle-right\" viewBox=\"0 0 256 512\" xmlns=\"http:\/\/www.w3.org\/2000\/svg\"><path d=\"M224.3 273l-136 136c-9.4 9.4-24.6 9.4-33.9 0l-22.6-22.6c-9.4-9.4-9.4-24.6 0-33.9l96.4-96.4-96.4-96.4c-9.4-9.4-9.4-24.6 0-33.9L54.3 103c9.4-9.4 24.6-9.4 33.9 0l136 136c9.5 9.4 9.5 24.6.1 34z\"><\/path><\/svg><\/span>\n\t\t\t\t\t\t\t<\/span>\n\t\t<\/a>\n\n\t\t\t\t<\/div>\n\t\n\t\n\t\t\t<\/div>\n\t\t\t\t<\/div>\n\t\t\t\t\t<\/div>\n\t\t\t\t<\/div>\n\t\t\t\t\t<\/div>\n\t\t\t\t<\/div>\n\t\t\t\t\t<\/div>\n\t\t\t\t<\/div>\n\t\t\t\t<\/div>\n\t\t","protected":false},"excerpt":{"rendered":"<p>Tasdik ve Raporlama Hizmetleri Tasdik, denetim ilke ve standartlar\u0131na g\u00f6re uygunluk y\u00f6n\u00fcnden yap\u0131lan inceleme sonu\u00e7lar\u0131na dayan\u0131larak tasdik kapsam\u0131na giren konular\u0131n ve belgelerin ger\u00e7e\u011fi yans\u0131t\u0131p yans\u0131tmad\u0131\u011f\u0131n\u0131n rapora ba\u011flama konular\u0131nda destek veriyoruz. Detayl\u0131 bilgi\u0130leti\u015fime ge\u00e7in Denetim hizmetleri Firmam\u0131zca, yolsuzluk ve suistimal denetimlerinde, hile, yolsuzluk ve suistimali tespit edilmesi ve bu sorunlar\u0131n ortaya \u00e7\u0131kmas\u0131n\u0131 engelleyecek mekanizmalar\u0131n \u00fcretilmesi ve bunlar\u0131 hayata ge\u00e7irilmesi konular\u0131na y\u00f6nelik denetim ve raporlama hizmeti sunmaktay\u0131z Detayl\u0131 bilgi\u0130leti\u015fime ge\u00e7in Dan\u0131\u015fmanl\u0131k Hizmetleri Firmam\u0131z vergi dan\u0131\u015fmanl\u0131\u011f\u0131, muhasebe ve T\u00fcrk Ticaret Kanunu alanlar\u0131nda dan\u0131\u015fmanl\u0131k hizmetleri vermekteyiz Detayl\u0131 bilgi\u0130leti\u015fime ge\u00e7in Hakk\u0131m\u0131zda D\u00fcr\u00fcstl\u00fck ve g\u00fcveni temel de\u011ferleri olarak benimseyen firmam\u0131z\u0131n hedefi; kurumsalla\u015fma s\u00fcrecinde, ulusal ve uluslararas\u0131 meslek etiklerine ba\u011fl\u0131 kalarak, s\u00fcrekli geli\u015fim ve ya\u015fam boyu \u00f6\u011frenmeye duydu\u011fu inan\u00e7la m\u00fc\u015fterilerimize en uygun profesyonel \u00e7\u00f6z\u00fcmleri zaman\u0131nda sunmak ve i\u015f s\u00fcre\u00e7lerine de\u011fer katmakt\u0131r. G\u00fcvenilir Finansal Orta\u011f\u0131n\u0131z \u00d6zel Finansal Stratejiler Hizmetlerimiz M\u00fc\u015fterilerimiz i\u00e7in a\u015fa\u011f\u0131daki ana ba\u015fl\u0131klarda hizmet vermekteyiz Tasdik ve Raporlama Hizmetleri Tasdik, denetim ilke ve standartlar\u0131na g\u00f6re uygunluk y\u00f6n\u00fcnden yap\u0131lan inceleme sonu\u00e7lar\u0131na dayan\u0131larak tasdik kapsam\u0131na giren konular\u0131n\u2026 Denetim Hizmetleri Firmam\u0131zca, yolsuzluk ve suistimal denetimlerinde, hile, yolsuzluk ve suistimali tespit edilmesi ve bu sorunlar\u0131n ortaya\u2026 Dan\u0131\u015fmanl\u0131k Hizmetleri Piyasa ko\u015fullar\u0131nda ve ekonomik konjonkt\u00fcrde ortaya \u00e7\u0131kan de\u011fi\u015fimlere uyum sa\u011flamak i\u00e7in birle\u015fmeler, sat\u0131n almalar, b\u00f6l\u00fcnmeler, tedarik\u2026 Daha Fazla Daha Fazla Daha Fazla<\/p>\n","protected":false},"author":1,"featured_media":0,"parent":0,"menu_order":0,"comment_status":"closed","ping_status":"closed","template":"elementor_canvas","meta":{"footnotes":""},"class_list":["post-7","page","type-page","status-publish","hentry"],"aioseo_notices":[],"_links":{"self":[{"href":"https:\/\/mnsymm.com.tr\/index.php?rest_route=\/wp\/v2\/pages\/7","targetHints":{"allow":["GET"]}}],"collection":[{"href":"https:\/\/mnsymm.com.tr\/index.php?rest_route=\/wp\/v2\/pages"}],"about":[{"href":"https:\/\/mnsymm.com.tr\/index.php?rest_route=\/wp\/v2\/types\/page"}],"author":[{"embeddable":true,"href":"https:\/\/mnsymm.com.tr\/index.php?rest_route=\/wp\/v2\/users\/1"}],"replies":[{"embeddable":true,"href":"https:\/\/mnsymm.com.tr\/index.php?rest_route=%2Fwp%2Fv2%2Fcomments&post=7"}],"version-history":[{"count":73,"href":"https:\/\/mnsymm.com.tr\/index.php?rest_route=\/wp\/v2\/pages\/7\/revisions"}],"predecessor-version":[{"id":1589,"href":"https:\/\/mnsymm.com.tr\/index.php?rest_route=\/wp\/v2\/pages\/7\/revisions\/1589"}],"wp:attachment":[{"href":"https:\/\/mnsymm.com.tr\/index.php?rest_route=%2Fwp%2Fv2%2Fmedia&parent=7"}],"curies":[{"name":"wp","href":"https:\/\/api.w.org\/{rel}","templated":true}]}}